 151, 6133
What are the prime factors of 31116457?
3457, 9001
What are the prime factors of 671723140?
2, 5, 11, 283, 10789
What are the prime factors of 227356990?
2, 5, 7, 241, 13477
List the prime factors of 5420968974.
2, 3, 301164943
List the prime factors of 14616123.
3, 4872041
What are the prime factors of 76116932?
2, 479, 39727
List the prime factors of 11309711.
7, 1615673
What are the prime factors of 1653444379?
59, 71, 73, 5407
List the prime factors of 40395548.
2, 2221, 4547
List the prime factors of 24460608.
2, 3, 127399
What are the prime factors of 17184460?
2, 5, 859223
What are the prime factors of 69785594?
2, 19, 269, 6827
What are the prime factors of 56494982?
2, 4493, 6287
What are the prime factors of 36891583?
953, 38711
What are the prime factors of 1567218331?
7, 197, 199, 5711
List the prime factors of 624723380.
2, 5, 101, 309269
List the prime factors of 99388392.
2, 3, 17, 19, 12821
What are the prime factors of 174313646?
2, 13, 157, 42703
What are the prime factors of 43590785?
5, 7, 1245451
What are the prime factors of 8500375?
5, 13, 5231
List the prime factors of 481201385.
5, 7, 617, 22283
List the prime factors of 250871822.
2, 17, 193, 38231
What are the prime factors of 105847463?
105847463
What are the prime factors of 18840597?
3, 6280199
What are the prime factors of 1815555414?
2, 3, 67, 4516307
List the prime factors of 50633985.
3, 5, 3375599
List the prime factors of 1142915066.
2, 17, 33615149
List the prime factors of 2626469701.
71, 73, 313, 1619
List the prime factors of 3713104242.
2, 3, 206283569
List the prime factors of 357418407.
3, 1021, 116689
What are the prime factors of 31388258?
2, 11, 163, 8753
What are the prime factors of 46059076?
2, 7, 29, 131, 433
List the prime factors of 54386081.
54386081
List the prime factors of 51346856.
2, 11, 23, 1103
What are the prime factors of 427740267?
3, 151, 944239
List the prime factors of 1628882569.
31, 127, 413737
What are the prime factors of 259182327?
3, 9241, 9349
List the prime factors of 165962661.
3, 89, 621583
List the prime factors of 652170646.
2, 191, 1707253
List the prime factors of 1247738320.
2, 5, 67, 131, 1777
List the prime factors of 5605985.
5, 7, 11, 14561
List the prime factors of 888907873.
7, 491, 36947
What are the prime factors of 94075337?
94075337
List the prime factors of 1821514994.
2, 13, 70058269
List the prime factors of 1234990703.
103, 11990201
List the prime factors of 177264791.
11, 29, 43, 12923
What are the prime factors of 60457702?
2, 30228851
What are the prime factors of 3786721057?
7, 337, 1217, 1319
List the prime factors of 689644332.
2, 3, 13, 37, 39827
What are the prime factors of 23405707?
13, 487, 3697
What are the prime factors of 1896512930?
2, 5, 13, 19, 59063
List the prime factors of 33172541.
53, 101, 6197
What are the prime factors of 737214846?
2, 3, 122869141
What are the prime factors of 5902392750?
2, 3, 5, 19, 414203
List the prime factors of 2178533071.
11, 13, 547, 27851
What are the prime factors of 469616560?
2, 5, 7, 838601
List the prime factors of 915584220.
2, 3, 5, 5086579
What are the prime factors of 933210961?
11969, 77969
What are the prime factors of 1131898810?
2, 5, 7, 16169983
What are the prime factors of 32340084?
2, 3, 7, 385001
What are the prime factors of 2135017664?
2, 13, 2566127
List the prime factors of 464302512.
2, 3, 71, 45413
List the prime factors of 1584028094.
2, 11, 1171, 61487
What are the prime factors of 85585114?
2, 42792557
What are the prime factors of 37880835?
3, 5, 2525389
What are the prime factors of 4471291059?
3, 43, 79, 271, 1619
What are the prime factors of 650088984?
2, 3, 947, 28603
List the prime factors of 268813411.
349, 770239
List the prime factors of 485930319.
3, 7, 41, 71, 7949
What are the prime factors of 508933803?
3, 7, 2819, 8597
List the prime factors of 900111628.
2, 13, 29, 313, 1907
List the prime factors of 19867316.
2, 7, 709547
List the prime factors of 1083468010.
2, 5, 108346801
List the prime factors of 1265418257.
251, 617, 8171
List the prime factors of 476994899.
476994899
List the prime factors of 90178528.
2, 11, 256189
What are the prime factors of 58728575?
5, 2349143
What are the prime factors of 29737701?
3, 7, 472027
List the prime factors of 763845742.
2, 11, 59, 211, 2789
What are the prime factors of 47457718?
2, 7, 11, 349, 883
List the prime factors of 84822277.
73, 1161949
List the prime factors of 86450697.
3, 853, 11261
What are the prime factors of 566158117?
7, 137, 590363
List the prime factors of 550650760.
2, 5, 11, 877, 1427
What are the prime factors of 1565876272?
2, 5441, 17987
List the prime factors of 193325274.
2, 3, 10740293
What are the prime factors of 19050707?
13, 1465439
What are the prime factors of 109485359?
23, 4760233
What are the prime factors of 2982683646?
2, 3, 127, 881, 1481
What are the prime factors of 15929431?
7, 2275633
List the prime factors of 23474310.
2, 3, 5, 19, 41183
What are the prime factors of 482470880?
2, 5, 17, 177379
List the prime factors of 235689353.
1097, 214849
List the prime factors of 67970059.
179, 379721
List the prime factors of 14877722.
2, 19, 391519
What are the prime factors of 1317967?
7, 188281
List the prime factors of 18340886.
2, 9170443
What are the prime factors of 79296268?
2, 53, 374039
List the prime factors of 225617646.
2, 3, 43, 874487
What are the prime factors of 50481303?
3, 1021, 16481
What are the prime factors of 76185614?
2, 23, 1656209
List the prime factors of 244006801.
244006801
List the prime factors of 53824068.
2, 3, 73, 6827
List the prime factors of 597846018.
2, 3, 7, 11, 1294039
What are the prime factors of 64901509?
1087, 59707
List the prime factors of 444604665.
3, 5, 29640311
List the prime factors of 458229068.
2, 11, 139, 74923
What are the prime factors of 282914297?
282914297
List the prime factors of 42939978.
2, 3, 7156663
List the prime factors of 179909488.
2, 11, 487, 2099
What are the prime factors of 634105434?
2, 3, 31, 43, 79283
What are the prime factors of 1075651669?
1075651669
What are the prime factors of 107094417?
3, 23, 1193, 1301
What are the prime factors of 22430728?
2, 373, 7517
List the prime factors of 176248294.
2, 19, 4638113
What are the prime factors of 110329593?
3, 11, 443, 7547
What are the prime factors of 38109072?
2, 3, 793939
List the prime factors of 184442985.
3, 5, 907, 4519
List the prime factors of 854516802.
2, 3, 283, 503249
What are the prime factors of 41207005?
5, 7, 157, 7499
List the prime factors of 85381475.
5, 41, 83299
List the prime factors of 1363251688.
2, 71, 661, 3631
What are the prime factors of 113750910?
2, 3, 5, 7, 13, 17, 19, 43
What are the prime factors of 864646408?
2, 43, 2513507
List the prime factors of 29278642.
2, 14639321
What are the prime factors of 13309354?
2, 31, 214667
List the prime factors of 2663159041.
2663159041
What are the prime factors of 36017214?
2, 3, 6002869
List the prime factors of 2447167244.
2, 19, 269, 119701
What are the prime factors of 1310065?
5, 479, 547
List the prime factors of 36879734.
2, 18439867
What are the prime factors of 1032966333?
3, 7, 37, 503, 881
List the prime factors of 39647834.
2, 19823917
What are the prime factors of 81948536?
2, 10243567
What are the prime factors of 1010580237?
3, 9173, 12241
List the prime factors of 2495166690.
2, 3, 5, 2851, 29173
What are the prime factors of 59871208?
2, 23, 107, 3041
List the prime factors of 196664669.
397, 495377
List the prime factors of 159840200.
2, 5, 13, 4729
What are the prime factors of 61963473?
3, 11, 13, 43, 3359
What are the prime factors of 103009793?
53, 349, 5569
List the prime factors of 109333575.
3, 5, 13, 37379
What are the prime factors of 284163682?
2, 11, 523, 24697
What are the prime factors of 117346574?
2, 58673287
What are the prime factors of 257019129?
3, 9519227
What are the prime factors of 23361884?
2, 7, 13, 4937
What are the prime factors of 4571854198?
2, 2897, 789067
What are the prime factors of 1059574466?
2, 529787233
List the prime factors of 24815651.
7, 859, 4127
What are the prime factors of 824131796?
2, 206032949
List the prime factors of 1958727165.
3, 5, 17, 7681283
List th